{"version":"1.0","provider_name":"Residencia La Tardor","provider_url":"https:\/\/latardor.com\/es\/","author_name":"dfabregas","author_url":"https:\/\/latardor.com\/es\/author\/dfabregas\/","title":"Integraci\u00f3n Salud y Derechos Sociales - Residencia La Tardor","type":"rich","width":600,"height":338,"html":"<blockquote class=\"wp-embedded-content\" data-secret=\"kIsusWEDOF\"><a href=\"https:\/\/latardor.com\/es\/2024\/06\/24\/integracion-salud-y-derechos-sociales\/\">Integraci\u00f3n Salud y Derechos Sociales<\/a><\/blockquote><iframe sandbox=\"allow-scripts\" security=\"restricted\" src=\"https:\/\/latardor.com\/es\/2024\/06\/24\/integracion-salud-y-derechos-sociales\/embed\/#?secret=kIsusWEDOF\" width=\"600\" height=\"338\" title=\"\u00abIntegraci\u00f3n Salud y Derechos Sociales\u00bb \u2014 Residencia La Tardor\" data-secret=\"kIsusWEDOF\" frameborder=\"0\" marginwidth=\"0\" marginheight=\"0\" scrolling=\"no\" class=\"wp-embedded-content\"><\/iframe><script type=\"text\/javascript\">\n\/* <![CDATA[ *\/\n\/*! This file is auto-generated *\/\n!function(d,l){\"use strict\";l.querySelector&&d.addEventListener&&\"undefined\"!=typeof URL&&(d.wp=d.wp||{},d.wp.receiveEmbedMessage||(d.wp.receiveEmbedMessage=function(e){var t=e.data;if((t||t.secret||t.message||t.value)&&!\/[^a-zA-Z0-9]\/.test(t.secret)){for(var s,r,n,a=l.querySelectorAll('iframe[data-secret=\"'+t.secret+'\"]'),o=l.querySelectorAll('blockquote[data-secret=\"'+t.secret+'\"]'),c=new RegExp(\"^https?:$\",\"i\"),i=0;i<o.length;i++)o[i].style.display=\"none\";for(i=0;i<a.length;i++)s=a[i],e.source===s.contentWindow&&(s.removeAttribute(\"style\"),\"height\"===t.message?(1e3<(r=parseInt(t.value,10))?r=1e3:~~r<200&&(r=200),s.height=r):\"link\"===t.message&&(r=new URL(s.getAttribute(\"src\")),n=new URL(t.value),c.test(n.protocol))&&n.host===r.host&&l.activeElement===s&&(d.top.location.href=t.value))}},d.addEventListener(\"message\",d.wp.receiveEmbedMessage,!1),l.addEventListener(\"DOMContentLoaded\",function(){for(var e,t,s=l.querySelectorAll(\"iframe.wp-embedded-content\"),r=0;r<s.length;r++)(t=(e=s[r]).getAttribute(\"data-secret\"))||(t=Math.random().toString(36).substring(2,12),e.src+=\"#?secret=\"+t,e.setAttribute(\"data-secret\",t)),e.contentWindow.postMessage({message:\"ready\",secret:t},\"*\")},!1)))}(window,document);\n\/\/# sourceURL=https:\/\/latardor.com\/wp-includes\/js\/wp-embed.min.js\n\/* ]]> *\/\n<\/script>\n","thumbnail_url":"https:\/\/latardor.com\/wp-content\/uploads\/2024\/06\/blog_integracioSocialSanitaria.png","thumbnail_width":1080,"thumbnail_height":724,"description":"El Departamento de Salud y el Departamento de Derechos Sociales han estado trabajando conjuntamente para hacer evolucionar la atenci\u00f3n integrada social y sanitaria de las personas que viven en residencias de ancianos (RGG), con el objetivo de mejorar la atenci\u00f3n a estas personas , que tienen frecuentemente m\u00e1s necesidades de atenci\u00f3n sanitaria que el resto de poblaci\u00f3n de la misma edad. Desde este a\u00f1o 2024, nuestro centro ya ha puesto en marcha la integraci\u00f3n con Salud, que debe permitir mejorar la atenci\u00f3n sanitaria con el apoyo de las EAP (Equipos de Atenci\u00f3n Primaria). Este despliegue, no s\u00f3lo es con medios de recursos humanos, sino tambi\u00e9n de recursos t\u00e9cnicos, mediante la implantaci\u00f3n del eCAP para facilitar la compartici\u00f3n de la informaci\u00f3n."}

Integración Salud y Derechos Sociales - Residencia La Tardor

<blockquote class="wp-embedded-content" data-secret="kIsusWEDOF"><a href="https://latardor.com/es/2024/06/24/integracion-salud-y-derechos-sociales/">Integración Salud y Derechos Sociales</a></blockquote><iframe sandbox="allow-scripts" security="restricted" src="https://latardor.com/es/2024/06/24/integracion-salud-y-derechos-sociales/embed/#?secret=kIsusWEDOF" width="600" height="338" title="«Integración Salud y Derechos Sociales» — Residencia La Tardor" data-secret="kIsusWEDOF" frameborder="0" marginwidth="0" marginheight="0" scrolling="no" class="wp-embedded-content"></iframe><script type="text/javascript">
/* <![CDATA[ */
/*! This file is auto-generated */
!function(d,l){"use strict";l.querySelector&&d.addEventListener&&"undefined"!=typeof URL&&(d.wp=d.wp||{},d.wp.receiveEmbedMessage||(d.wp.receiveEmbedMessage=function(e){var t=e.data;if((t||t.secret||t.message||t.value)&&!/[^a-zA-Z0-9]/.test(t.secret)){for(var s,r,n,a=l.querySelectorAll('iframe[data-secret="'+t.secret+'"]'),o=l.querySelectorAll('blockquote[data-secret="'+t.secret+'"]'),c=new RegExp("^https?:$","i"),i=0;i<o.length;i++)o[i].style.display="none";for(i=0;i<a.length;i++)s=a[i],e.source===s.contentWindow&&(s.removeAttribute("style"),"height"===t.message?(1e3<(r=parseInt(t.value,10))?r=1e3:~~r<200&&(r=200),s.height=r):"link"===t.message&&(r=new URL(s.getAttribute("src")),n=new URL(t.value),c.test(n.protocol))&&n.host===r.host&&l.activeElement===s&&(d.top.location.href=t.value))}},d.addEventListener("message",d.wp.receiveEmbedMessage,!1),l.addEventListener("DOMContentLoaded",function(){for(var e,t,s=l.querySelectorAll("iframe.wp-embedded-content"),r=0;r<s.length;r++)(t=(e=s[r]).getAttribute("data-secret"))||(t=Math.random().toString(36).substring(2,12),e.src+="#?secret="+t,e.setAttribute("data-secret",t)),e.contentWindow.postMessage({message:"ready",secret:t},"*")},!1)))}(window,document);
//# sourceURL=https://latardor.com/wp-includes/js/wp-embed.min.js
/* ]]> */
</script>

El Departamento de Salud y el Departamento de Derechos Sociales han estado trabajando conjuntamente para hacer evolucionar la atención integrada social y sanitaria de las personas que viven en residencias de ancianos (RGG), con el objetivo de mejorar la atención a estas personas , que tienen frecuentemente más necesidades de atención sanitaria que el resto de población de la misma edad. Desde este año 2024, nuestro centro ya ha puesto en marcha la integración con Salud, que debe permitir mejorar la atención sanitaria con el apoyo de las EAP (Equipos de Atención Primaria). Este despliegue, no sólo es con medios de recursos humanos, sino también de recursos técnicos, mediante la implantación del eCAP para facilitar la compartición de la información.
